{"id":352,"date":"2020-09-17T15:58:13","date_gmt":"2020-09-17T15:58:13","guid":{"rendered":"https:\/\/telederma.hu\/?page_id=352"},"modified":"2025-10-04T17:46:32","modified_gmt":"2025-10-04T17:46:32","slug":"lezergyogyaszat","status":"publish","type":"page","link":"https:\/\/telederma.hu\/hun\/lezergyogyaszat\/","title":{"rendered":"lezergyogyaszat"},"content":{"rendered":"\t\t<div data-elementor-type=\"wp-page\" data-elementor-id=\"352\" class=\"elementor elementor-352\" data-elementor-settings=\"[]\">\n\t\t\t\t\t\t<div class=\"elementor-inner\">\n\t\t\t\t\t\t\t<div class=\"elementor-section-wrap\">\n\t\t\t\t\t\t\t<section class=\"elementor-section elementor-top-section elementor-element elementor-element-23a04c77 elementor-section-full_width elementor-section-height-min-height elementor-section-items-stretch elementor-section-content-bottom elementor-section-height-default\" data-id=\"23a04c77\" data-element_type=\"section\" data-settings=\"{&quot;shape_divider_top&quot;:&quot;tilt&quot;,&quot;_ha_eqh_enable&quot;:false}\">\n\t\t\t\t\t<div class=\"elementor-shape elementor-shape-top\" data-negative=\"false\">\n\t\t\t<svg xmlns=\"http:\/\/www.w3.org\/2000\/svg\" viewBox=\"0 0 1000 100\" preserveAspectRatio=\"none\">\n\t<path class=\"elementor-shape-fill\" d=\"M0,6V0h1000v100L0,6z\"\/>\n<\/svg>\t\t<\/div>\n\t\t\t\t\t<div class=\"elementor-container elementor-column-gap-no\">\n\t\t\t\t\t\t\t<div class=\"elementor-row\">\n\t\t\t\t\t<div class=\"elementor-column elementor-col-50 elementor-top-column elementor-element elementor-element-35821948\" data-id=\"35821948\" data-element_type=\"column\" data-settings=\"{&quot;background_background&quot;:&quot;classic&quot;}\">\n\t\t\t<div class=\"elementor-column-wrap elementor-element-populated\">\n\t\t\t\t\t\t\t<div class=\"elementor-widget-wrap\">\n\t\t\t\t\t\t<div class=\"elementor-element elementor-element-2995a549 elementor-widget elementor-widget-heading\" data-id=\"2995a549\" data-element_type=\"widget\" data-widget_type=\"heading.default\">\n\t\t\t\t<div class=\"elementor-widget-container\">\n\t\t\t<h2 class=\"elementor-heading-title elementor-size-default\">L\u00e9zergy\u00f3gy\u00e1szat<\/h2>\t\t<\/div>\n\t\t\t\t<\/div>\n\t\t\t\t<div class=\"elementor-element elementor-element-20ead3a elementor-widget elementor-widget-text-editor\" data-id=\"20ead3a\" data-element_type=\"widget\" data-widget_type=\"text-editor.default\">\n\t\t\t\t<div class=\"elementor-widget-container\">\n\t\t\t\t\t<div class=\"elementor-text-editor elementor-clearfix\"><p>rendel\u0151nkben folyamatosan b\u0151v\u00fcl\u0151 l\u00e9zerparkkal dolgozunk<\/p><\/div>\n\t\t\t\t<\/div>\n\t\t\t\t<\/div>\n\t\t\t\t\t\t<\/div>\n\t\t\t\t\t<\/div>\n\t\t<\/div>\n\t\t\t\t<div class=\"elementor-column elementor-col-50 elementor-top-column elementor-element elementor-element-21758cb7\" data-id=\"21758cb7\" data-element_type=\"column\">\n\t\t\t<div class=\"elementor-column-wrap elementor-element-populated\">\n\t\t\t\t\t\t\t<div class=\"elementor-widget-wrap\">\n\t\t\t\t\t\t<div class=\"elementor-element elementor-element-343071d1 elementor-widget elementor-widget-theme-post-featured-image elementor-widget-image\" data-id=\"343071d1\" data-element_type=\"widget\" data-widget_type=\"theme-post-featured-image.default\">\n\t\t\t\t<div class=\"elementor-widget-container\">\n\t\t\t\t\t<div class=\"elementor-image\">\n\t\t\t\t\t\t\t\t\t\t<img loading=\"lazy\" decoding=\"async\" width=\"412\" height=\"299\" src=\"https:\/\/telederma.hu\/wp-content\/uploads\/2020\/06\/Lezergyogyaszat.png\" class=\"attachment-large size-large\" alt=\"\" srcset=\"https:\/\/telederma.hu\/wp-content\/uploads\/2020\/06\/Lezergyogyaszat.png 412w, https:\/\/telederma.hu\/wp-content\/uploads\/2020\/06\/Lezergyogyaszat-300x218.png 300w\" sizes=\"(max-width: 412px) 100vw, 412px\" \/>\t\t\t\t\t\t\t\t\t\t\t<\/div>\n\t\t\t\t<\/div>\n\t\t\t\t<\/div>\n\t\t\t\t\t\t<\/div>\n\t\t\t\t\t<\/div>\n\t\t<\/div>\n\t\t\t\t\t\t\t\t<\/div>\n\t\t\t\t\t<\/div>\n\t\t<\/section>\n\t\t\t\t<section class=\"elementor-section elementor-top-section elementor-element elementor-element-702710bc elementor-section-content-middle elementor-section-boxed elementor-section-height-default elementor-section-height-default\" data-id=\"702710bc\" data-element_type=\"section\" data-settings=\"{&quot;background_background&quot;:&quot;classic&quot;,&quot;shape_divider_top&quot;:&quot;tilt&quot;,&quot;_ha_eqh_enable&quot;:false}\">\n\t\t\t\t\t<div class=\"elementor-shape elementor-shape-top\" data-negative=\"false\">\n\t\t\t<svg xmlns=\"http:\/\/www.w3.org\/2000\/svg\" viewBox=\"0 0 1000 100\" preserveAspectRatio=\"none\">\n\t<path class=\"elementor-shape-fill\" d=\"M0,6V0h1000v100L0,6z\"\/>\n<\/svg>\t\t<\/div>\n\t\t\t\t\t<div class=\"elementor-container elementor-column-gap-no\">\n\t\t\t\t\t\t\t<div class=\"elementor-row\">\n\t\t\t\t\t<div class=\"elementor-column elementor-col-100 elementor-top-column elementor-element elementor-element-6746edd6\" data-id=\"6746edd6\" data-element_type=\"column\" data-settings=\"{&quot;background_background&quot;:&quot;classic&quot;}\">\n\t\t\t<div class=\"elementor-column-wrap elementor-element-populated\">\n\t\t\t\t\t\t\t<div class=\"elementor-widget-wrap\">\n\t\t\t\t\t\t<div class=\"elementor-element elementor-element-659a34c5 elementor-widget elementor-widget-toggle\" data-id=\"659a34c5\" data-element_type=\"widget\" data-widget_type=\"toggle.default\">\n\t\t\t\t<div class=\"elementor-widget-container\">\n\t\t\t\t\t<div class=\"elementor-toggle\" role=\"tablist\">\n\t\t\t\t\t\t\t<div class=\"elementor-toggle-item\">\n\t\t\t\t\t<div id=\"elementor-tab-title-1701\" class=\"elementor-tab-title\" data-tab=\"1\" role=\"tab\" aria-controls=\"elementor-tab-content-1701\">\n\t\t\t\t\t\t\t\t\t\t\t\t<span class=\"elementor-toggle-icon elementor-toggle-icon-right\" aria-hidden=\"true\">\n\t\t\t\t\t\t\t\t\t\t\t\t\t\t\t<span class=\"elementor-toggle-icon-closed\"><i class=\"fas fa-caret-right\"><\/i><\/span>\n\t\t\t\t\t\t\t\t<span class=\"elementor-toggle-icon-opened\"><i class=\"elementor-toggle-icon-opened fas fa-caret-up\"><\/i><\/span>\n\t\t\t\t\t\t\t\t\t\t\t\t\t<\/span>\n\t\t\t\t\t\t\t\t\t\t\t\t<a href=\"\" class=\"elementor-toggle-title\">L\u00e1gy l\u00e9zer<\/a>\n\t\t\t\t\t<\/div>\n\t\t\t\t\t<div id=\"elementor-tab-content-1701\" class=\"elementor-tab-content elementor-clearfix\" data-tab=\"1\" role=\"tabpanel\" aria-labelledby=\"elementor-tab-title-1701\"><p>L\u00e1gy l\u00e9zerrel herpes ut\u00e1ni gyulladt foltok, f\u00e1jdalmas apht\u00e1k, sebek gy\u00f3gy\u00edthat\u00f3k.<br \/><br \/><\/p><figure id=\"attachment_938\" aria-describedby=\"caption-attachment-938\" style=\"width: 480px\" class=\"wp-caption alignnone\"><img loading=\"lazy\" decoding=\"async\" class=\"size-full wp-image-938\" src=\"https:\/\/telederma.hu\/wp-content\/uploads\/2020\/10\/la\u0301gyle\u0301zer-rotated.jpg\" alt=\"\" width=\"480\" height=\"640\" srcset=\"https:\/\/telederma.hu\/wp-content\/uploads\/2020\/10\/la\u0301gyle\u0301zer-rotated.jpg 480w, https:\/\/telederma.hu\/wp-content\/uploads\/2020\/10\/la\u0301gyle\u0301zer-225x300.jpg 225w\" sizes=\"(max-width: 480px) 100vw, 480px\" \/><figcaption id=\"caption-attachment-938\" class=\"wp-caption-text\">la\u0301gy le\u0301zer<\/figcaption><\/figure><\/div>\n\t\t\t\t<\/div>\n\t\t\t\t\t\t\t<div class=\"elementor-toggle-item\">\n\t\t\t\t\t<div id=\"elementor-tab-title-1702\" class=\"elementor-tab-title\" data-tab=\"2\" role=\"tab\" aria-controls=\"elementor-tab-content-1702\">\n\t\t\t\t\t\t\t\t\t\t\t\t<span class=\"elementor-toggle-icon elementor-toggle-icon-right\" aria-hidden=\"true\">\n\t\t\t\t\t\t\t\t\t\t\t\t\t\t\t<span class=\"elementor-toggle-icon-closed\"><i class=\"fas fa-caret-right\"><\/i><\/span>\n\t\t\t\t\t\t\t\t<span class=\"elementor-toggle-icon-opened\"><i class=\"elementor-toggle-icon-opened fas fa-caret-up\"><\/i><\/span>\n\t\t\t\t\t\t\t\t\t\t\t\t\t<\/span>\n\t\t\t\t\t\t\t\t\t\t\t\t<a href=\"\" class=\"elementor-toggle-title\">Co2 l\u00e9zer<\/a>\n\t\t\t\t\t<\/div>\n\t\t\t\t\t<div id=\"elementor-tab-content-1702\" class=\"elementor-tab-content elementor-clearfix\" data-tab=\"2\" role=\"tabpanel\" aria-labelledby=\"elementor-tab-title-1702\"><p>Co2 l\u00e9zerrel apr\u00f3bb n\u00f6ved\u00e9kek, b\u0151rfelsz\u00edni megvastagod\u00e1sok, bizonyos anyajegyek, szem\u00f6lcs\u00f6k t\u00e1vol\u00edthat\u00f3k el. \u00c9rz\u00e9stelen\u00edt\u00e9sben , v\u00e9d\u0151szem\u00fcveg visel\u00e9s\u00e9vel elv\u00e9gezhet\u0151 kezel\u00e9sek. A k\u00eds\u00e9r\u0151 is v\u00e9d\u0151szem\u00fcveget kap, t\u00f6bb k\u00eds\u00e9r\u0151 a kezel\u0151 helys\u00e9gben nem tart\u00f3zkodhat.<\/p><p>Frakcion\u00e1lt modulj\u00e1val eszt\u00e9tikai kezel\u00e9seket: b\u0151rfiatal\u00edt\u00e1st, pigmenfoltokat, akn\u00e9s b\u0151regyenetlens\u00e9geket kezel\u00fcnk. Ut\u00f3bbi kezel\u00e9s\u00e9hez a gyullad\u00e1smentes \u00e1llapot sz\u00fcks\u00e9ges.<\/p><p>Ny\u00e1ron a naps\u00fct\u00e9s sebgy\u00f3gyul\u00e1sra k\u00e1ros barn\u00edt\u00f3 hat\u00e1sa miatt, \u00e9s a fel\u00fclfert\u0151z\u0151d\u00e9s es\u00e9lye miatt nem c\u00e9lszer\u0171 Co2 laseres kezel\u00e9st k\u00e9rni.<br \/><br \/><\/p><figure id=\"attachment_897\" aria-describedby=\"caption-attachment-897\" style=\"width: 800px\" class=\"wp-caption alignnone\"><img loading=\"lazy\" decoding=\"async\" class=\"size-large wp-image-897\" src=\"https:\/\/telederma.hu\/wp-content\/uploads\/2020\/10\/Co2-le\u0301zer-1024x683.jpg\" alt=\"\" width=\"800\" height=\"534\" srcset=\"https:\/\/telederma.hu\/wp-content\/uploads\/2020\/10\/Co2-le\u0301zer-1024x683.jpg 1024w, https:\/\/telederma.hu\/wp-content\/uploads\/2020\/10\/Co2-le\u0301zer-300x200.jpg 300w, https:\/\/telederma.hu\/wp-content\/uploads\/2020\/10\/Co2-le\u0301zer-768x512.jpg 768w, https:\/\/telederma.hu\/wp-content\/uploads\/2020\/10\/Co2-le\u0301zer-1536x1024.jpg 1536w, https:\/\/telederma.hu\/wp-content\/uploads\/2020\/10\/Co2-le\u0301zer-2048x1365.jpg 2048w\" sizes=\"(max-width: 800px) 100vw, 800px\" \/><figcaption id=\"caption-attachment-897\" class=\"wp-caption-text\">Co2 le\u0301zer<\/figcaption><\/figure><\/div>\n\t\t\t\t<\/div>\n\t\t\t\t\t\t\t<div class=\"elementor-toggle-item\">\n\t\t\t\t\t<div id=\"elementor-tab-title-1703\" class=\"elementor-tab-title\" data-tab=\"3\" role=\"tab\" aria-controls=\"elementor-tab-content-1703\">\n\t\t\t\t\t\t\t\t\t\t\t\t<span class=\"elementor-toggle-icon elementor-toggle-icon-right\" aria-hidden=\"true\">\n\t\t\t\t\t\t\t\t\t\t\t\t\t\t\t<span class=\"elementor-toggle-icon-closed\"><i class=\"fas fa-caret-right\"><\/i><\/span>\n\t\t\t\t\t\t\t\t<span class=\"elementor-toggle-icon-opened\"><i class=\"elementor-toggle-icon-opened fas fa-caret-up\"><\/i><\/span>\n\t\t\t\t\t\t\t\t\t\t\t\t\t<\/span>\n\t\t\t\t\t\t\t\t\t\t\t\t<a href=\"\" class=\"elementor-toggle-title\">Di\u00f3da l\u00e9zer<\/a>\n\t\t\t\t\t<\/div>\n\t\t\t\t\t<div id=\"elementor-tab-content-1703\" class=\"elementor-tab-content elementor-clearfix\" data-tab=\"3\" role=\"tabpanel\" aria-labelledby=\"elementor-tab-title-1703\"><p>\u00c9rcsom\u00f3k, hajsz\u00e1l\u00e9r t\u00e1gulatok p\u00f3kanyajegyek kezelhet\u0151k arcon, orron, t\u00f6rzs\u00f6n \u00e9s a v\u00e9gtagokon. Ki\u00fajul\u00e1s lehets\u00e9ges az \u00e9r\u00fajdonk\u00e9pz\u0151d\u00e9s miatt, ilyenkor ism\u00e9tl\u00e9sre lehet sz\u00fcks\u00e9g.<\/p><p>V\u00e9kony sepr\u0171v\u00e9n\u00e1k kezel\u00e9se: az igen v\u00e9kony, kanyarg\u00f3s lil\u00e1s sz\u00edn\u0171 v\u00e9n\u00e1k kezelhet\u0151k di\u00f3da l\u00e9zerrel. \u00c1tmeneti v\u00f6r\u00f6s reakci\u00f3 ut\u00e1n 6 h\u00e9t m\u00falva ism\u00e9tl\u00e9s sz\u00fcks\u00e9ges az \u00e9r\u00fajdonk\u00e9pz\u0151d\u00e9s miatt. 2-3-4 kezel\u00e9s is sz\u00fcks\u00e9ges lehet. Ny\u00e1ron a v\u00f6r\u00f6s reakci\u00f3 \u00e9s a napf\u00e9ny k\u00e1ros barn\u00edt\u00f3 hat\u00e1sa miatt nem c\u00e9lszer\u0171 a kezel\u00e9st elv\u00e9geztetni.<\/p><figure id=\"attachment_895\" aria-describedby=\"caption-attachment-895\" style=\"width: 768px\" class=\"wp-caption alignnone\"><img loading=\"lazy\" decoding=\"async\" class=\"size-large wp-image-895\" src=\"https:\/\/telederma.hu\/wp-content\/uploads\/2020\/10\/dio\u0301da-le\u0301zer-768x1024.jpg\" alt=\"\" width=\"768\" height=\"1024\" srcset=\"https:\/\/telederma.hu\/wp-content\/uploads\/2020\/10\/dio\u0301da-le\u0301zer-768x1024.jpg 768w, https:\/\/telederma.hu\/wp-content\/uploads\/2020\/10\/dio\u0301da-le\u0301zer-225x300.jpg 225w, https:\/\/telederma.hu\/wp-content\/uploads\/2020\/10\/dio\u0301da-le\u0301zer-1152x1536.jpg 1152w, https:\/\/telederma.hu\/wp-content\/uploads\/2020\/10\/dio\u0301da-le\u0301zer-1536x2048.jpg 1536w, https:\/\/telederma.hu\/wp-content\/uploads\/2020\/10\/dio\u0301da-le\u0301zer-scaled.jpg 1920w\" sizes=\"(max-width: 768px) 100vw, 768px\" \/><figcaption id=\"caption-attachment-895\" class=\"wp-caption-text\">dio\u0301da le\u0301zer<\/figcaption><\/figure><\/div>\n\t\t\t\t<\/div>\n\t\t\t\t\t\t\t<div class=\"elementor-toggle-item\">\n\t\t\t\t\t<div id=\"elementor-tab-title-1704\" class=\"elementor-tab-title\" data-tab=\"4\" role=\"tab\" aria-controls=\"elementor-tab-content-1704\">\n\t\t\t\t\t\t\t\t\t\t\t\t<span class=\"elementor-toggle-icon elementor-toggle-icon-right\" aria-hidden=\"true\">\n\t\t\t\t\t\t\t\t\t\t\t\t\t\t\t<span class=\"elementor-toggle-icon-closed\"><i class=\"fas fa-caret-right\"><\/i><\/span>\n\t\t\t\t\t\t\t\t<span class=\"elementor-toggle-icon-opened\"><i class=\"elementor-toggle-icon-opened fas fa-caret-up\"><\/i><\/span>\n\t\t\t\t\t\t\t\t\t\t\t\t\t<\/span>\n\t\t\t\t\t\t\t\t\t\t\t\t<a href=\"\" class=\"elementor-toggle-title\">Nd-Yag l\u00e9zer<\/a>\n\t\t\t\t\t<\/div>\n\t\t\t\t\t<div id=\"elementor-tab-content-1704\" class=\"elementor-tab-content elementor-clearfix\" data-tab=\"4\" role=\"tabpanel\" aria-labelledby=\"elementor-tab-title-1704\"><p>K\u00f6r\u00f6mgomba kezel\u00e9s v\u00e9gezhet\u0151 vele, 1-2 egy\u00e9b kezel\u00e9sre nem reag\u00e1l\u00f3 k\u00f6r\u00f6m eset\u00e9ben. Kezel\u00e9s sorozat sz\u00fcks\u00e9ges.<\/p><p>Tetov\u00e1l\u00e1sok elt\u00e1vol\u00edt\u00e1s\u00e1ra is alkalmas k\u00e9sz\u00fcl\u00e9k, t\u00f6bb kezel\u00e9s sz\u00fcks\u00e9ges f\u00e9nyv\u00e9delem mellett.<\/p><p>S\u00f6t\u00e9t sz\u00edn\u0171 tetov\u00e1l\u00e1sok elt\u00e1vol\u00edt\u00e1s\u00e1ra is alkalmas k\u00e9sz\u00fcl\u00e9k. T\u00f6bb kezel\u00e9s sz\u00fcks\u00e9ges f\u00e9nyv\u00e9delem mellett.<br \/><br \/><\/p><figure id=\"attachment_885\" aria-describedby=\"caption-attachment-885\" style=\"width: 683px\" class=\"wp-caption alignnone\"><img loading=\"lazy\" decoding=\"async\" class=\"size-large wp-image-885\" src=\"https:\/\/telederma.hu\/wp-content\/uploads\/2020\/10\/ND-Yag-le\u0301zer-683x1024.jpg\" alt=\"\" width=\"683\" height=\"1024\" srcset=\"https:\/\/telederma.hu\/wp-content\/uploads\/2020\/10\/ND-Yag-le\u0301zer-683x1024.jpg 683w, https:\/\/telederma.hu\/wp-content\/uploads\/2020\/10\/ND-Yag-le\u0301zer-200x300.jpg 200w, https:\/\/telederma.hu\/wp-content\/uploads\/2020\/10\/ND-Yag-le\u0301zer-768x1152.jpg 768w, https:\/\/telederma.hu\/wp-content\/uploads\/2020\/10\/ND-Yag-le\u0301zer-1024x1536.jpg 1024w, https:\/\/telederma.hu\/wp-content\/uploads\/2020\/10\/ND-Yag-le\u0301zer-1365x2048.jpg 1365w, https:\/\/telederma.hu\/wp-content\/uploads\/2020\/10\/ND-Yag-le\u0301zer-scaled.jpg 1707w\" sizes=\"(max-width: 683px) 100vw, 683px\" \/><figcaption id=\"caption-attachment-885\" class=\"wp-caption-text\">ND-Yag le\u0301zer<\/figcaption><\/figure><\/div>\n\t\t\t\t<\/div>\n\t\t\t\t\t\t\t<div class=\"elementor-toggle-item\">\n\t\t\t\t\t<div id=\"elementor-tab-title-1705\" class=\"elementor-tab-title\" data-tab=\"5\" role=\"tab\" aria-controls=\"elementor-tab-content-1705\">\n\t\t\t\t\t\t\t\t\t\t\t\t<span class=\"elementor-toggle-icon elementor-toggle-icon-right\" aria-hidden=\"true\">\n\t\t\t\t\t\t\t\t\t\t\t\t\t\t\t<span class=\"elementor-toggle-icon-closed\"><i class=\"fas fa-caret-right\"><\/i><\/span>\n\t\t\t\t\t\t\t\t<span class=\"elementor-toggle-icon-opened\"><i class=\"elementor-toggle-icon-opened fas fa-caret-up\"><\/i><\/span>\n\t\t\t\t\t\t\t\t\t\t\t\t\t<\/span>\n\t\t\t\t\t\t\t\t\t\t\t\t<a href=\"\" class=\"elementor-toggle-title\">IPL kezel\u00e9sek<\/a>\n\t\t\t\t\t<\/div>\n\t\t\t\t\t<div id=\"elementor-tab-content-1705\" class=\"elementor-tab-content elementor-clearfix\" data-tab=\"5\" role=\"tabpanel\" aria-labelledby=\"elementor-tab-title-1705\"><p>Villan\u00f3f\u00e9ny ter\u00e1pia \u00faj, modern k\u00e9sz\u00fcl\u00e9kkel, mely a k\u00fcl\u00f6nb\u00f6z\u0151 sz\u0171r\u0151k v\u00e1ltoztat\u00e1s\u00e1val alkalmas: pigmentfoltok halv\u00e1ny\u00edt\u00e1s\u00e1ra, \u00e9rt\u00e1gulatok cs\u00f6kkent\u00e9s\u00e9re, b\u0151rfiatal\u00edt\u00e1sra , gyullad\u00e1sos acne kezel\u00e9s\u00e9re, sz\u0151rtelen\u00edt\u00e9sre. Sorozatkezel\u00e9sek, 6-8 alkalom sz\u00fcks\u00e9ges a k\u00edv\u00e1nt eredm\u00e9ny el\u00e9r\u00e9s\u00e9hez. Ny\u00e1ron nem v\u00e9gezhet\u0151 kezel\u00e9sek.<\/p><figure id=\"attachment_766\" aria-describedby=\"caption-attachment-766\" style=\"width: 800px\" class=\"wp-caption alignnone\"><img loading=\"lazy\" decoding=\"async\" class=\"size-large wp-image-766\" src=\"https:\/\/telederma.hu\/wp-content\/uploads\/2020\/10\/IPL-4-scaled-1024x683.jpg\" alt=\"\" width=\"800\" height=\"534\" srcset=\"https:\/\/telederma.hu\/wp-content\/uploads\/2020\/10\/IPL-4-scaled-1024x683.jpg 1024w, https:\/\/telederma.hu\/wp-content\/uploads\/2020\/10\/IPL-4-scaled-300x200.jpg 300w, https:\/\/telederma.hu\/wp-content\/uploads\/2020\/10\/IPL-4-scaled-768x512.jpg 768w, https:\/\/telederma.hu\/wp-content\/uploads\/2020\/10\/IPL-4-scaled-1536x1024.jpg 1536w, https:\/\/telederma.hu\/wp-content\/uploads\/2020\/10\/IPL-4-scaled-2048x1366.jpg 2048w\" sizes=\"(max-width: 800px) 100vw, 800px\" \/><figcaption id=\"caption-attachment-766\" class=\"wp-caption-text\">IPL sz\u0151rtelen\u00edt\u00e9s<\/figcaption><\/figure><\/div>\n\t\t\t\t<\/div>\n\t\t\t\t\t\t\t<div class=\"elementor-toggle-item\">\n\t\t\t\t\t<div id=\"elementor-tab-title-1706\" class=\"elementor-tab-title\" data-tab=\"6\" role=\"tab\" aria-controls=\"elementor-tab-content-1706\">\n\t\t\t\t\t\t\t\t\t\t\t\t<span class=\"elementor-toggle-icon elementor-toggle-icon-right\" aria-hidden=\"true\">\n\t\t\t\t\t\t\t\t\t\t\t\t\t\t\t<span class=\"elementor-toggle-icon-closed\"><i class=\"fas fa-caret-right\"><\/i><\/span>\n\t\t\t\t\t\t\t\t<span class=\"elementor-toggle-icon-opened\"><i class=\"elementor-toggle-icon-opened fas fa-caret-up\"><\/i><\/span>\n\t\t\t\t\t\t\t\t\t\t\t\t\t<\/span>\n\t\t\t\t\t\t\t\t\t\t\t\t<a href=\"\" class=\"elementor-toggle-title\">TETOV\u00c1L\u00c1ST ELT\u00c1VOL\u00cdT\u00d3 Kapcsolt NdYag l\u00e9zer<\/a>\n\t\t\t\t\t<\/div>\n\t\t\t\t\t<div id=\"elementor-tab-content-1706\" class=\"elementor-tab-content elementor-clearfix\" data-tab=\"6\" role=\"tabpanel\" aria-labelledby=\"elementor-tab-title-1706\"><div><div><p>a l\u00e9zerf\u00e9ny elnyel\u0151dik a pigmentszemcs\u00e9kben, felrobbantja azokat, majd a sebgy\u00f3gyul\u00e1s lezajl\u00e1sa ut\u00e1n \u00fajabb r\u00e9tegeket kezelhet\u00fcnk. Sorozat kezel\u00e9s, havonta ism\u00e9telve 4-6-8 kezel\u00e9s is sz\u00fcks\u00e9ges lehet a pigment s\u0171r\u0171s\u00e9g\u00e9nek \u00e9s m\u00e9lys\u00e9g\u00e9nek f\u00fcggv\u00e9ny\u00e9ben.<\/p><\/div><\/div><\/div>\n\t\t\t\t<\/div>\n\t\t\t\t\t<\/div>\n\t\t\t\t<\/div>\n\t\t\t\t<\/div>\n\t\t\t\t\t\t<\/div>\n\t\t\t\t\t<\/div>\n\t\t<\/div>\n\t\t\t\t\t\t\t\t<\/div>\n\t\t\t\t\t<\/div>\n\t\t<\/section>\n\t\t\t\t<section class=\"elementor-section elementor-top-section elementor-element elementor-element-6789b3df elementor-section-boxed elementor-section-height-default elementor-section-height-default\" data-id=\"6789b3df\" data-element_type=\"section\" data-settings=\"{&quot;background_background&quot;:&quot;classic&quot;,&quot;shape_divider_bottom&quot;:&quot;tilt&quot;,&quot;_ha_eqh_enable&quot;:false}\">\n\t\t\t\t\t<div class=\"elementor-shape elementor-shape-bottom\" data-negative=\"false\">\n\t\t\t<svg xmlns=\"http:\/\/www.w3.org\/2000\/svg\" viewBox=\"0 0 1000 100\" preserveAspectRatio=\"none\">\n\t<path class=\"elementor-shape-fill\" d=\"M0,6V0h1000v100L0,6z\"\/>\n<\/svg>\t\t<\/div>\n\t\t\t\t\t<div class=\"elementor-container elementor-column-gap-default\">\n\t\t\t\t\t\t\t<div class=\"elementor-row\">\n\t\t\t\t\t<div class=\"elementor-column elementor-col-100 elementor-top-column elementor-element elementor-element-6261f5a9\" data-id=\"6261f5a9\" data-element_type=\"column\">\n\t\t\t<div class=\"elementor-column-wrap elementor-element-populated\">\n\t\t\t\t\t\t\t<div class=\"elementor-widget-wrap\">\n\t\t\t\t\t\t<div data-ha-element-link=\"{&quot;url&quot;:&quot;javascript:history.back()&quot;,&quot;is_external&quot;:&quot;&quot;,&quot;nofollow&quot;:&quot;&quot;,&quot;custom_attributes&quot;:&quot;&quot;}\" style=\"cursor: pointer\" class=\"elementor-element elementor-element-7317a5b elementor-align-center elementor-widget elementor-widget-button\" data-id=\"7317a5b\" data-element_type=\"widget\" data-widget_type=\"button.default\">\n\t\t\t\t<div class=\"elementor-widget-container\">\n\t\t\t\t\t<div class=\"elementor-button-wrapper\">\n\t\t\t<a class=\"elementor-button elementor-size-sm\" role=\"button\">\n\t\t\t\t\t\t<span class=\"elementor-button-content-wrapper\">\n\t\t\t\t\t\t<span class=\"elementor-button-text\">Vissza<\/span>\n\t\t<\/span>\n\t\t\t\t\t<\/a>\n\t\t<\/div>\n\t\t\t\t<\/div>\n\t\t\t\t<\/div>\n\t\t\t\t\t\t<\/div>\n\t\t\t\t\t<\/div>\n\t\t<\/div>\n\t\t\t\t\t\t\t\t<\/div>\n\t\t\t\t\t<\/div>\n\t\t<\/section>\n\t\t\t\t\t\t<\/div>\n\t\t\t\t\t\t<\/div>\n\t\t\t\t\t<\/div>\n\t\t","protected":false},"excerpt":{"rendered":"<p>L\u00e9zergy\u00f3gy\u00e1szat rendel\u0151nkben folyamatosan b\u0151v\u00fcl\u0151 l\u00e9zerparkkal dolgozunk L\u00e1gy l\u00e9zer L\u00e1gy l\u00e9zerrel herpes ut\u00e1ni gyulladt foltok, f\u00e1jdalmas apht\u00e1k, sebek gy\u00f3gy\u00edthat\u00f3k. la\u0301gy le\u0301zer Co2 l\u00e9zer Co2 l\u00e9zerrel apr\u00f3bb n\u00f6ved\u00e9kek, b\u0151rfelsz\u00edni megvastagod\u00e1sok, bizonyos anyajegyek, szem\u00f6lcs\u00f6k t\u00e1vol\u00edthat\u00f3k el. \u00c9rz\u00e9stelen\u00edt\u00e9sben , v\u00e9d\u0151szem\u00fcveg visel\u00e9s\u00e9vel elv\u00e9gezhet\u0151 kezel\u00e9sek. A k\u00eds\u00e9r\u0151 is v\u00e9d\u0151szem\u00fcveget kap, t\u00f6bb k\u00eds\u00e9r\u0151 a kezel\u0151 helys\u00e9gben nem tart\u00f3zkodhat. Frakcion\u00e1lt modulj\u00e1val eszt\u00e9tikai kezel\u00e9seket: [&hellip;]<\/p>\n","protected":false},"author":4,"featured_media":0,"parent":0,"menu_order":0,"comment_status":"closed","ping_status":"closed","template":"elementor_header_footer","meta":{"footnotes":""},"_links":{"self":[{"href":"https:\/\/telederma.hu\/hun\/wp-json\/wp\/v2\/pages\/352"}],"collection":[{"href":"https:\/\/telederma.hu\/hun\/wp-json\/wp\/v2\/pages"}],"about":[{"href":"https:\/\/telederma.hu\/hun\/wp-json\/wp\/v2\/types\/page"}],"author":[{"embeddable":true,"href":"https:\/\/telederma.hu\/hun\/wp-json\/wp\/v2\/users\/4"}],"replies":[{"embeddable":true,"href":"https:\/\/telederma.hu\/hun\/wp-json\/wp\/v2\/comments?post=352"}],"version-history":[{"count":18,"href":"https:\/\/telederma.hu\/hun\/wp-json\/wp\/v2\/pages\/352\/revisions"}],"predecessor-version":[{"id":2402,"href":"https:\/\/telederma.hu\/hun\/wp-json\/wp\/v2\/pages\/352\/revisions\/2402"}],"wp:attachment":[{"href":"https:\/\/telederma.hu\/hun\/wp-json\/wp\/v2\/media?parent=352"}],"curies":[{"name":"wp","href":"https:\/\/api.w.org\/{rel}","templated":true}]}}